 c = i - o. Calculate the highest common divisor of 56 and c.
7
Let s(k) = -k**3 + 7*k**2 - 2*k - 7. Let i be s(6). Calculate the highest common factor of 153 and i.
17
Let u(p) = -p**2 + 8*p + 8. Let x be u(7). Calculate the greatest common factor of x and 165.
15
Suppose 4*b - i - 2*i = 157, 5*i + 195 = 5*b. Let j be (-13)/3 + 6/(-9). Let t be (8 + j)*200/6. Calculate the highest common factor of t and b.
20
Suppose 0*i - 39 = -5*d - 3*i, 0 = 5*d - 2*i - 49. What is the highest common divisor of d and 81?
9
Let c = 186 - 51. What is the greatest common factor of 15 and c?
15
Suppose -x = 3*c - 34, -2*c - 5*x = -15 + 1. Calculate the highest common divisor of 132 and c.
12
Let u(o) = -o**3 + 5*o**2 - 3*o + 7. Let w be u(4). What is the greatest common factor of w and 77?
11
Let w be (4/10)/(18/990). What is the highest common divisor of 11 and w?
11
Let c(b) be the third derivative of 5*b**4/8 + 3*b**2. Let f be c(1). Calculate the highest common factor of f and 15.
15
Let w = -6 - 0. Let l(i) = i + 7. Let z be l(w). Let b(g) = 27*g**3 + 1. Let a be b(z). What is the greatest common divisor of a and 14?
14
Let z be 2242/152 + (-1 - 10/(-8)). Let y = -66 - -114. Let o = z + y. Calculate the greatest common factor of o and 9.
9
Let f(w) = -3*w**3 - 2*w**2 + 1. Let o be f(-2). What is the highest common divisor of o and 51?
17
Let y(a) = a**2 + 3*a + 2. Let i be y(-3). Suppose 0*z = -i*z + 176. Calculate the highest common factor of 22 and z.
22
Let i be 3/12*-2*54. Let o be 70/9 + (-6)/i. Suppose -3*k = -2*w + k + 180, k = w - 89. Calculate the highest common factor of o and w.
8
Let o(d) = 8*d**2. Let a be o(5). What is the highest common factor of 25 and a?
25
Let v = -5 - -25. Let g = v - -2. What is the greatest common divisor of g and 11?
11
Let x be 340/(-6) - (-20)/30. Let l be (-3 + 4)/((-1)/x). Calculate the greatest common factor of l and 8.
8
Let t(a) = a**3 + 10*a**2 + 7*a - 5. Let h be t(-7). Let u = h - 49. What is the highest common factor of 4 and u?
4
Let u = -10 + 45. What is the highest common factor of 14 and u?
7
Suppose y = 5*y + 2*m - 472, -m + 116 = y. What is the greatest common divisor of 15 and y?
15
Let j be 116/6 + (-4)/(-6). Let k be (4 - (-945)/10) + (-30)/(-20). Calculate the greatest common divisor of j and k.
20
Suppose 12 = -m + 4*m. Suppose -d + 2*s + 14 = 0, -d - 4 + 0 = m*s. Suppose 0 = 2*q - d - 8. Calculate the highest common factor of q and 1.
1
Suppose 5*l + c = -0*l + 1233, 5*c + 504 = 2*l. What is the greatest common factor of 19 and l?
19
Suppose 7 = 8*l - 7*l. Suppose -l*y + 6*y = -2*i + 40, -5*y = i - 9. Calculate the greatest common divisor of 152 and i.
19
Let y(c) = 5*c**2 + c - 1. Let f be 2/(-2 - -4)*1. Let s be y(f). Let j = -14 + 39. What is the greatest common factor of j and s?
5
Let x = -43 + 14. Let r = 53 + x. Suppose 60*k = 94 + 386. Calculate the highest common divisor of r and k.
8
Let l be (5 + 2)/(2/6). Let x(q) = -q**3 + 9*q**2 - 4*q + 10. Let m be x(8). What is the greatest common divisor of l and m?
21
Suppose -4*w + 30 = -p - 26, -p = -3*w + 41. Suppose 3 - 30 = -9*j. Calculate the greatest common factor of j and w.
3
Let l = -193 - -270. Calculate the greatest common divisor of l and 7.
7
Suppose -b = w - 112, -112 = -w + b + 2*b. Calculate the greatest common divisor of 14 and w.
14
Let o be 846/15 - (34/10 - 3). What is the greatest common divisor of 8 and o?
8
Let w be ((-537)/(-4))/1 + (-291)/(-388). What is the greatest common divisor of w and 5?
5
Suppose v - 67 = -2*x, -3*v = -6*v - 3*x + 192. Let k = v + -22. Let o = -30 - -56. What is the greatest common factor of o and k?
13
Let j(w) = -w**2 - 13*w - 13. Let u be j(-9). Calculate the highest common factor of 207 and u.
23
Let w(t) = 26*t - 7. Let l be w(1). Calculate the greatest common divisor of l and 19.
19
Let f(l) = l - 6. Let d be f(4). Let b be 434*(d + 0)/(-4). Calculate the highest common factor of b and 31.
31
Suppose a = 4*l - 48, 2*l + a + 3*a - 24 = 0. Suppose 0 = 2*t - 5*g - 21, -5*t + 2*g + l = 3*g. What is the highest common divisor of 12 and t?
3
Let x(b) = -10*b**2. Let m be x(1). Let o = m + 14. Let h be 2/(-6) - -2*61/6. What is the greatest common divisor of h and o?
4
Let a(p) = p**2 + 5*p - 21. Let l be a(-9). Let s = 24 - l. Calculate the highest common divisor of 3 and s.
3
Let b(o) = -o**3 - 6*o**2 - 7*o + 1. Suppose 0 = d + 9 - 3. Let f be b(d). Let x = f - 31. Calculate the highest common factor of x and 4.
4
Let r(c) = 15*c**2 - 6 - 4 + c**3 - c**3 + c**3 + 12*c. Let a be r(-14). Let h = 14 + -5. What is the highest common factor of a and h?
9
Let w = 11 + -17. Let p(l) = -l**3 - 5*l**2 + 4*l - 6. Let a be p(w). What is the highest common divisor of a and 6?
6
Let r(v) = -v**2 + 3*v**2 - 2*v**2 + 6*v**2. Let x be r(-2). Suppose 7 - 67 = -5*j. What is the highest common divisor of x and j?
12
Let s = 3 + -3. Let b be s + 2 - (0 - 155). Let d = b - 103. What is the highest common divisor of d and 6?
6
Let z(j) = -j**2 - 6 + j**3 + 0*j**3 + 0*j**3 + 8*j - 5*j**2. Let r be z(5). Calculate the highest common divisor of 6 and r.
3
Suppose 145 = 5*s - 0*s. Suppose 3*h - 12 = 0, 5*h - s = -p - 0. Calculate the highest common factor of p and 72.
9
Let j(z) = 19*z**2 - 11*z**2 - 2 - 10*z - 9*z**2. Let u be j(-8). What is the highest common factor of u and 70?
14
Suppose -2*n + 8*y = 3*y - 55, 0 = 2*y + 6. Suppose -p + 8 = 2*f, -f - 3*p = -8*p - 4. Calculate the highest common divisor of f and n.
4
Let j(d) = d - 1. Let k be j(5). Suppose 3*q = k*u - 522, -104 + 768 = 5*u + 2*q. What is the highest common divisor of u and 12?
12
Suppose -3 = 2*n - 13. Suppose 2*h - c + 5*c - 120 = 0, 2*h + n*c - 123 = 0. What is the greatest common factor of 18 and h?
18
Let a(k) = k**3 + 12*k**2 - 14*k. Let m be a(-13). Calculate the highest common divisor of m and 143.
13
Let q be 1/3 + (-141)/(-9). Suppose -550 = -5*u + 2*o, 0 = 6*o - o - 25. What is the highest common divisor of q and u?
16
Suppose 5 = 2*x - 1. Suppose 0 = k - 1, 4*s = 2*k + 3*k + 103. Calculate the highest common factor of s and x.
3
Suppose -5*j + 12 = -2*j, 2*z - j - 36 = 0. What is the greatest common factor of 40 and z?
20
Let m = -13 + 152. Let l = -90 + m. What is the greatest common divisor of l and 7?
7
Let r(y) = -y**3 + 10*y**2 + 2*y - 9. Let t be r(10). What is the highest common factor of 1 and t?
1
Let a be (-3 - (-15)/6)*28. Let d be a/(-2) + (2 - 2). What is the greatest common factor of 63 and d?
7
Let l(t) = t**2 + 6. Let o be l(-4). What is the highest common divisor of 11 and o?
11
Let l(i) = -i**3 + 7*i**2 - 8*i + 6. Let m be l(3). Calculate the greatest common divisor of 6 and m.
6
Suppose -z = z - 56. Let d be 1*(16 - (1 + 1)). What is the highest common divisor of z and d?
14
Let z = 242 + -130. Calculate the greatest common factor of 14 and z.
14
Suppose 40 = 20*v - 16*v. Suppose -5*h + 255 = 3*c, 2*h = 5*c + 7*h - 415. What is the greatest common divisor of c and v?
10
Let g(a) = a + 3. Let x(z) = -z**2 + 5*z - 1. Suppose -3*u = -u - 4. Let t be x(u). Let q be g(t). What is the highest common factor of q and 8?
8
Let g = 50 - 26. What is the greatest common divisor of 3 and g?
3
Suppose 0 = -2*f + 8*a - 3*a + 265, 5*f + 3*a = 740. Calculate the highest common divisor of 29 and f.
29
Suppose 8*f - 4*f + 128 = 0. Let k be (-2)/(0 + (-2)/f). Let s = k + 48. Calculate the greatest common factor of 8 and s.
8
Let s be (-1)/2*6*-27. What is the greatest common factor of s and 9?
9
Suppose -8 = 2*n - 4*n. Suppose 4*h - h - 5*y - 46 = 0, n*h = y + 50. Calculate the greatest common divisor of 36 and h.
12
Let o be (3/9)/(1/18). Calculate the highest common factor of o and 54.
6
Let z(r) = -r + 36. Suppose 3*i = -i - 2*m, -3*m = i. Let f be z(i). Calculate the greatest common factor of f and 9.
9
Let b(k) = k**3 + 6*k**2 + 6*k + 5. Let s be b(-5). Let g(f) = -f**3 + f + 28. Let i be g(s). What is the greatest common divisor of 7 and i?
7
Let x be 6/(-4)*-38 - -1. Suppose 0 = -4*d + 2*p + x, d - 3*p - 2 + 0 = 0. Let y = 29 - d. Calculate the highest common divisor of y and 108.
12
Let w be ((-3)/(-9))/((-5)/435). Let y = w - -41. What is the greatest common factor of y and 12?
12
Suppose 0 = -5*a - 0*a - 15. Let g be a - (-2 